culate the greatest common factor of 120725 and 442750.
275
What is the highest common divisor of 55340 and 65?
5
Calculate the greatest common factor of 154 and 4163110.
14
Calculate the highest common factor of 29280 and 220605280.
9760
What is the greatest common factor of 571496688 and 3024?
3024
Calculate the highest common factor of 177538306 and 1529.
1529
Calculate the greatest common divisor of 3597 and 2144865921.
3597
Calculate the greatest common divisor of 608780704 and 224.
224
What is the highest common factor of 275849984 and 16?
16
What is the greatest common divisor of 17355911 and 304361?
3667
Calculate the highest common factor of 880 and 259380.
220
What is the highest common factor of 6633170 and 5785?
445
What is the greatest common factor of 88985 and 2569060?
65
What is the highest common divisor of 203705 and 9641?
311
What is the highest common divisor of 951596 and 1273?
19
What is the highest common divisor of 366194400 and 100?
100
What is the greatest common divisor of 768 and 4556224?
64
Calculate the highest common factor of 849881 and 4998.
17
What is the greatest common divisor of 13912 and 3902211660?
6956
What is the greatest common factor of 330178041 and 115?
23
What is the highest common divisor of 8947772 and 44?
4
What is the highest common divisor of 98315 and 630?
35
Calculate the greatest common factor of 2450 and 969570.
70
What is the highest common factor of 11806 and 310149523?
5903
Calculate the highest common divisor of 11730 and 2734008.
102
What is the greatest common factor of 374280 and 160440?
120
Calculate the highest common factor of 3145416 and 168.
24
Calculate the highest common factor of 2075 and 2729875.
25
Calculate the highest common divisor of 17776580 and 1185.
395
What is the highest common factor of 225538690 and 2990?
2990
What is the highest common divisor of 115410 and 35202?
6
What is the highest common factor of 21421 and 214117?
31
What is the highest common factor of 45584651 and 28?
7
Calculate the greatest common factor of 215 and 251390.
5
Calculate the greatest common divisor of 670033 and 402597.
481
What is the greatest common factor of 53750589 and 2974?
1487
Calculate the highest common divisor of 17160192 and 72.
72
Calculate the highest common factor of 154595703 and 254.
127
Calculate the highest common factor of 168 and 8499522.
6
Calculate the highest common divisor of 82 and 34042054.
82
What is the highest common factor of 47339262 and 234?
18
What is the greatest common divisor of 1786 and 2189066?
38
Calculate the highest common factor of 1642824 and 1284.
12
What is the greatest common divisor of 13818857 and 7228?
13
What is the greatest common divisor of 2106624 and 21?
3
What is the greatest common divisor of 192532 and 334657?
379
What is the greatest common divisor of 120 and 11639442?
6
What is the highest common divisor of 438 and 13090287?
219
What is the highest common factor of 159162 and 5412?
246
What is the greatest common factor of 2821680 and 3888?
144
Calculate the highest common divisor of 283 and 282532484.
283
Calculate the greatest common factor of 58896 and 5072544.
144
What is the highest common factor of 40 and 197091380?
20
What is the greatest common factor of 329 and 5372382?
47
Calculate the greatest common factor of 47598744 and 384.
24
What is the greatest common factor of 3 and 13361427?
3
What is the highest common factor of 13892 and 51041020?
604
Calculate the highest common divisor of 1749 and 148718636.
583
Calculate the highest common divisor of 61 and 1831098.
61
Calculate the greatest common divisor of 353685 and 184224.
57
What is the highest common factor of 4512 and 28261984?
32
Calculate the greatest common divisor of 19931 and 658217.
19
What is the greatest common factor of 1371643 and 273?
91
What is the highest common divisor of 174376692 and 686?
98
Calculate the highest common factor of 1027 and 292521437.
1027
Calculate the highest common divisor of 172080442 and 310.
62
Calculate the greatest common factor of 254573 and 10571.
11
What is the highest common factor of 875575 and 2075?
25
What is the greatest common divisor of 790 and 42502?
158
Calculate the highest common divisor of 2936 and 1711008.
8
Calculate the greatest common factor of 25628 and 48127.
149
What is the greatest common divisor of 1314137325 and 333?
111
Calculate the highest common factor of 42845 and 99199.
19
Calculate the greatest common divisor of 101057874 and 14232.
3558
What is the highest common divisor of 448 and 6706112?
448
What is the greatest common factor of 4831158 and 14826?
2118
Calculate the greatest common factor of 79528 and 218944.
8
What is the greatest common factor of 168 and 33296952?
24
Calculate the highest common factor of 229453647 and 772.
193
Calculate the greatest common divisor of 4203 and 3203153.
467
Calculate the greatest common factor of 66648 and 5895571.
2777
Calculate the greatest common divisor of 767 and 438960.
59
Calculate the greatest common factor of 72851616 and 12096.
864
What is the greatest common factor of 411 and 1295236360?
137
Calculate the greatest common factor of 446 and 709028.
2
What is the greatest common divisor of 318258 and 738?
18
Calculate the greatest common divisor of 5034 and 574444842.
5034
What is the highest common factor of 11583360 and 2176?
128
What is the highest common factor of 16490 and 13953838?
3298
What is the greatest common factor of 315324 and 4617?
171
What is the greatest common divisor of 16308 and 1020330?
54
What is the highest common divisor of 1275 and 5249325?
75
What is the highest common factor of 8218093 and 886?
443
What is the highest common divisor of 1155 and 16846368?
231
Calculate the greatest common factor of 1563342 and 618.
6
Calculate the highest common divisor of 3399 and 2878623.
33
What is the greatest common factor of 2208 and 1886368?
736
Calculate the highest common factor of 85453005 and 165.
165
Calculate the greatest common factor of 514214 and 148.
2
Calculate the highest common divisor of 2832816 and 3444.
84
Calculate the highest common factor of 282243 and 10426.
13
What is the greatest common divisor of 1848 and 4718496?
24
Calculate the highest common factor of 11882858 and 138322.
1426
Calculate the highest common factor of 4682192 and 3609072.
5648
What is the highest common factor of 476668 and 83284?
1772
Calculate the highest common divisor of 175440 and 820.
20
What is the greatest common divisor of 504358 and 195274?
1198
Calculate the greatest common divisor of 39 and 146803995.
39
Calculate the highest common divisor of 7716 and 46502403.
1929
Calculate the greatest common factor of 3621 and 1754481.
213
What is the highest common divisor of 61720925 and 50?
25
Calculate the highest common divisor of 1711 and 782104.
59
What is the greatest common factor of 8070 and 34785?
15
What is the greatest common divisor of 88726 and 57552?
2398
What is the highest common factor of 157875 and 13958676?
1263
Calculate the greatest common divisor of 43 and 313409.
1
Calculate the highest common divisor of 2568 and 9454056.
24
What is the greatest common factor of 84253604 and 5172?
1724
What is the greatest common divisor of 68184 and 179964?
36
Calculate the highest common factor of 2003484 and 932008.
476
What is the greatest common divisor of 58349 and 45917?
37
What is the highest common divisor of 13339460 and 60?
20
Calculate the highest common divisor of 7791 and 195657.
147
What is the greatest common factor of 77 and 4457475?
11
Calculate the highest common divisor of 16086 and 123378.
6
What is the highest common factor of 72471245 and 24255?
2695
Calculate the highest common divisor of 2 and 89186634.
2
What is the greatest common factor of 49 and 19279526?
7
Calculate the greatest common divisor of 186 and 290464947.
93
Calculate the greatest common divisor of 30498 and 19589882.
10166
What is the greatest common factor of 700 and 7866460?
140
What is the highest common factor of 302762131 and 2793?
931
Calculate the greatest common factor of 799232 and 5592840.
1784
What is the greatest common factor of 7938 and 842338?
14
What is the greatest common factor of 2137481 and 264917?
3629
Calculate the h